 a(w) = w**2 - 118*w - 972. Let i be a(126). What is the greatest common factor of i and v?
9
Let x be -4 - (-79 - (-5 - -7)). What is the greatest common divisor of x and 121?
11
Let a = -1131 + 1191. Calculate the greatest common factor of 1020 and a.
60
Let x(j) = -6*j**3 - j**2 - 2*j + 2. Let d be x(-2). What is the highest common divisor of d and 125?
25
Suppose -8*n + 6450 + 5302 = 0. Calculate the highest common divisor of n and 113.
113
Let a(s) = s**3 - 7*s**2 - 4*s + 11. Suppose -2*p - 5*k + 8 = -13, 3*p - 20 = 4*k. Let m be a(p). Calculate the highest common factor of m and 43.
43
Suppose -17*g + 168 = -818. Calculate the highest common divisor of g and 5.
1
Let u(p) = 3*p**2 + p + 24. Let i be u(-6). Suppose -7*b + 3*d = -3*b - 111, 4*b + 2*d = i. What is the highest common factor of 20 and b?
10
Let k = -16 - -28. Let d = 5 + k. Let u = -5 - -73. Calculate the greatest common divisor of u and d.
17
Let a(g) = -g**3 - 16*g**2 + g + 15. Let o be a(-16). Let i be 90 + (-2 + 4)/o. What is the greatest common factor of i and 11?
11
Let n(j) = 7*j**3 + j**2 + 19*j - 4. Let p be n(4). Calculate the greatest common factor of p and 8.
8
Let t(k) = k**2 + 7*k + 72. Let x be t(0). Let c = -42 + x. Calculate the greatest common divisor of 270 and c.
30
Suppose x + 93 = 3*c, -7*c - 73 = -9*c - 3*x. Calculate the greatest common factor of 56 and c.
8
Let w = 43 - 33. Suppose -w*r + 110 = -5*r. What is the greatest common factor of r and 176?
22
Suppose -5*q - 34 - 56 = 0. Let g = q + 12. Let c(y) = y**3 + 7*y**2 + 6*y + 2. Let i be c(g). What is the greatest common factor of i and 16?
2
Let x = 2300 - 969. What is the highest common factor of x and 11?
11
Suppose -3*q = 2*k - 59, -4*k + 3*q = -q - 108. Let w = k + 47. Calculate the greatest common factor of 30 and w.
15
Let r be (-1)/((-8)/66)*4. Suppose -224 = -27*a + 34*a. Let z = -10 - a. Calculate the greatest common factor of r and z.
11
Suppose -54*u + 59*u = -495. Let g = u + 108. What is the highest common divisor of 3 and g?
3
Let f be 7 - (-1*406)/7. What is the greatest common factor of 5 and f?
5
Suppose -y - 20 = -4*s, -2*s = -3*y + 7*y + 8. Suppose -5*w + 279 = -u, -47*w - 170 = -50*w - 2*u. Calculate the highest common factor of w and s.
4
Suppose 4*w + 4*g - 48 = 0, -36 = -5*w - 2*g + 33. Calculate the highest common divisor of w and 480.
15
Let p(c) = 18 + 7*c**2 - 13*c**3 + 28*c**3 - 3*c**3 - 3*c - 11*c**3. Let j be p(-7). Let r = -7 - -20. Calculate the greatest common factor of r and j.
13
Let n be (-4)/(((-6)/(-9))/(-2 - -1)). Suppose 0 = -3*x + 5 + 4. Calculate the highest common factor of x and n.
3
Suppose -5*k + 214 = 14. What is the greatest common factor of k and 80?
40
Suppose -10*z + 1067 + 913 = 0. Calculate the highest common divisor of 72 and z.
18
Suppose -2*j + 2*o - 24 = 0, 2*j + 24 = j - 2*o. Let t = j - -19. Let n = -32 - -59. What is the greatest common divisor of t and n?
3
Suppose 13*u = 8*u - y + 1374, 0 = -y - 1. Suppose -2*g + 4*g - 48 = 0. Let w be 1/(1/g) - -1. What is the highest common divisor of u and w?
25
Let p be 57*(-8 + (-78)/(-9)). What is the greatest common divisor of p and 2014?
38
Let o(f) = f**2 - 23*f - 214. Let v be o(31). Let x be 9/5 + (-8)/(-40). Calculate the greatest common factor of v and x.
2
Let m = -594 - -688. Calculate the highest common factor of m and 517.
47
Let h = 35 - -1. Let c(j) = -13*j - 141. Let u(r) = -7*r - 71. Let f(y) = 3*c(y) - 7*u(y). Let m be f(-7). Calculate the highest common divisor of m and h.
4
Suppose l + 4*d = 96, 0 = l - 3*d + 4*d - 84. Let s = -11 - -21. Calculate the greatest common factor of l and s.
10
Let h(n) = -n**3 - 6*n**2 - 11*n - 8. Let s be h(-4). Let k be (-1 + 2/s)*32/(-16). What is the highest common factor of k and 7?
1
Suppose -4 = z - 0*z. Let h be z/8*22 - 4. Let g = 33 + h. What is the greatest common divisor of g and 6?
6
Let f = -669 + 684. Calculate the greatest common divisor of f and 1335.
15
Let t(z) = 39*z - 164. Let l be t(5). Calculate the highest common factor of 713 and l.
31
Suppose -148*k + 153*k - 30 = 0. What is the highest common divisor of 6 and k?
6
Suppose o + 3*r = 88 - 67, 2*r = 10. What is the greatest common factor of 30 and o?
6
Suppose 0 = -5*g - 20, 10*u - 79 = 5*u + g. Suppose 3*p - u = -w, 0 = -3*w - 2*p + 20 + 18. What is the greatest common factor of w and 84?
12
Let g be (20/8)/(1/32). What is the highest common divisor of 24 and g?
8
Let h(u) = -4*u**3 - 6*u**2 - u - 6. Let n be h(-6). What is the highest common factor of n and 8?
8
Let i be 4/10 + 396/110. What is the greatest common factor of 92 and i?
4
Suppose -110 = -s + p, -s + 54*p + 110 = 50*p. Suppose 0*z = i - 2*z - 56, -5 = -z. Suppose -22 = -4*d + i. What is the greatest common divisor of s and d?
22
Let d = -351 + 189. Let v = 315 + d. What is the highest common factor of 17 and v?
17
Let v = -16 - -23. Let k(f) = f**3 + 14*f**2 + 13*f + 10. Let m be k(-13). Suppose -m*p + 187 + 583 = 0. Calculate the greatest common divisor of p and v.
7
Suppose -151 = -6*w + 371. Calculate the highest common factor of 348 and w.
87
Let f be (15/(-10))/(9/(-264)). Calculate the greatest common divisor of f and 77.
11
Suppose -c = 5*w + c - 35, 0 = -3*w - 3*c + 30. Suppose -12 = -3*j, -3*n - w*j + 15 = -8. Let i = 2 + 3. Calculate the highest common factor of n and i.
1
Suppose -4*c + 4*x + 64 = -52, -4*x = 4. Let o be (-20)/30*1*-6. Calculate the highest common divisor of o and c.
4
Let m(y) = -29*y - 57. Let w be m(-6). Calculate the highest common divisor of w and 65.
13
Let x = 82 - 4. What is the greatest common factor of x and 104?
26
Let q(i) = -5*i + 4. Let l be 7 + -4 - (-1 - -6). Let k be q(l). Calculate the highest common factor of 126 and k.
14
Let u(b) = -b**3 + 31*b**2 - b + 73. Suppose -3*n + 4*c = n - 124, -4*c = 0. Let d be u(n). What is the highest common divisor of d and 7?
7
Let r(z) = 10*z - 21. Let u be r(5). Calculate the greatest common factor of u and 232.
29
Let y = -15 + 22. Suppose 0 = g - y*g. Suppose 4*t + 113 - 305 = g. Calculate the highest common factor of 16 and t.
16
Let a(o) = 8*o - 30. Let k(q) = -9*q + 29. Let c(f) = 6*a(f) + 5*k(f). Let m be c(13). What is the greatest common divisor of m and 28?
4
Let g be 704992/256 - 2/(-16). What is the greatest common factor of 102 and g?
102
Let j(w) = w**3 + w**2 + w. Let a(z) = 6*z**3 - 9*z**2 + 10*z - 14. Let f(r) = a(r) - 5*j(r). Let m be f(14). Calculate the greatest common factor of 14 and m.
14
Let v(u) = 9*u - 65. Let b be v(9). What is the greatest common factor of 36 and b?
4
Let n be (2 + -34)/1*(-56)/(-16). Let i = -80 - n. What is the greatest common factor of i and 128?
32
Let f(v) = -14*v. Let x be f(-1). Let o(b) = -b**3 + 13*b**2 + 24*b + 14. Let y be o(14). What is the highest common divisor of x and y?
14
Let o = -151 - -21. Let h = -102 - o. Calculate the highest common factor of h and 7.
7
Let w = 103 + -3. Let u(a) = a**3 + 10*a**2 - 10*a - 25. Let y be u(-11). Let n = y + w. Calculate the highest common divisor of 8 and n.
8
Let j = 7 - -5. Let v(n) = -n**2 - 4*n + 30. Let l be 2/(-4)*(0 + 0). Let d be v(l). What is the greatest common factor of j and d?
6
Let z = 40 + -18. Suppose -4*a = -5*n + 134, 3*n - 4*a + 1 = 91. What is the greatest common divisor of z and n?
22
Let k be 5/3*(-54)/(-45). Suppose 2*w = k, 4*n - 2*w - 74 = -0*n. Let l = 57 + 38. What is the greatest common divisor of n and l?
19
Let o = 18641 + -26497. Let f be o/(-36) - -2 - 8/36. What is the highest common divisor of 20 and f?
20
Let w(s) = -2*s + 52. Let f be w(12). What is the highest common divisor of f and 98?
14
Let z = -180 + 204. What is the highest common factor of z and 48?
24
Let m be 3704/12 + -2 + (-14)/21. Calculate the greatest common divisor of 18 and m.
18
Suppose 2*y - 4*r = -16, 15*r = 5*y + 13*r. Let t be (2 - -1 - 2) + 1. Calculate the highest common divisor of t and y.
2
Suppose 3*y = -4*m + 47, 0 = -2*m - 0*m - 4*y + 26. What is the greatest common factor of m and 781?
11
Let a(j) = -j**2 + 34*j - 109. Let o be a(20). Calculate the highest common factor of o and 57.
57
Suppose -7*l = -l - 96. Suppose 24*x + 288 = 26*x. Calculate the highest common divisor of x and l.
16
Let z be ((-3)/2 + 0)/(16/(-32)